{"id":538,"date":"2024-05-15T12:37:15","date_gmt":"2024-05-15T10:37:15","guid":{"rendered":"https:\/\/www.widv.de\/?page_id=538"},"modified":"2024-05-15T14:31:17","modified_gmt":"2024-05-15T12:31:17","slug":"impressum-duplicate-337","status":"publish","type":"page","link":"https:\/\/www.widv.de\/?page_id=538","title":{"rendered":"Datenschutz"},"content":{"rendered":"\t\t<div data-elementor-type=\"wp-page\" data-elementor-id=\"538\" class=\"elementor elementor-538\" data-elementor-post-type=\"page\">\n\t\t\t\t<div class=\"elementor-element elementor-element-325f91e e-flex e-con-boxed e-con e-parent\" data-id=\"325f91e\" data-element_type=\"container\" data-settings=\"{&quot;_ha_eqh_enable&quot;:false}\">\n\t\t\t\t\t<div class=\"e-con-inner\">\n\t\t\t\t<div class=\"elementor-element elementor-element-b954a98 elementor-widget elementor-widget-heading\" data-id=\"b954a98\" data-element_type=\"widget\" data-widget_type=\"heading.default\">\n\t\t\t\t<div class=\"elementor-widget-container\">\n\t\t\t<style>\/*! elementor - v3.21.0 - 08-05-2024 *\/\n.elementor-heading-title{padding:0;margin:0;line-height:1}.elementor-widget-heading .elementor-heading-title[class*=elementor-size-]>a{color:inherit;font-size:inherit;line-height:inherit}.elementor-widget-heading .elementor-heading-title.elementor-size-small{font-size:15px}.elementor-widget-heading .elementor-heading-title.elementor-size-medium{font-size:19px}.elementor-widget-heading .elementor-heading-title.elementor-size-large{font-size:29px}.elementor-widget-heading .elementor-heading-title.elementor-size-xl{font-size:39px}.elementor-widget-heading .elementor-heading-title.elementor-size-xxl{font-size:59px}<\/style><h2 class=\"elementor-heading-title elementor-size-default\">Datenschutz<\/h2>\t\t<\/div>\n\t\t\t\t<\/div>\n\t\t\t\t<div class=\"elementor-element elementor-element-e01e4d6 elementor-widget elementor-widget-text-editor\" data-id=\"e01e4d6\" data-element_type=\"widget\" data-widget_type=\"text-editor.default\">\n\t\t\t\t<div class=\"elementor-widget-container\">\n\t\t\t<style>\/*! elementor - v3.21.0 - 08-05-2024 *\/\n.elementor-widget-text-editor.elementor-drop-cap-view-stacked .elementor-drop-cap{background-color:#69727d;color:#fff}.elementor-widget-text-editor.elementor-drop-cap-view-framed .elementor-drop-cap{color:#69727d;border:3px solid;background-color:transparent}.elementor-widget-text-editor:not(.elementor-drop-cap-view-default) .elementor-drop-cap{margin-top:8px}.elementor-widget-text-editor:not(.elementor-drop-cap-view-default) .elementor-drop-cap-letter{width:1em;height:1em}.elementor-widget-text-editor .elementor-drop-cap{float:left;text-align:center;line-height:1;font-size:50px}.elementor-widget-text-editor .elementor-drop-cap-letter{display:inline-block}<\/style>\t\t\t\t<p>Verantwortlicher<br \/>Verantwortlich f\u00fcr die Datenverarbeitung ist<\/p><p>sazinc GmbH<\/p><p>Pierre Graupner<\/p><p>Sch\u00f6nherrstra\u00dfe 8<\/p><p>09113 Chemnitz<\/p><p>Datenschutzbeauftragter:<\/p><p>Pierre Graupner<\/p><p>E-Mail: contact@sazinc.de<br \/>Tel.: +49 371 450 58 910<\/p><p>Allgemeine Informationen<br \/>Bereitstellung von Daten<\/p><p>F\u00fcr eine Nutzung unserer Webseite ist in der Regel weder gesetzlich noch vertraglich vorgeschrieben, personenbezogene Daten zur Verf\u00fcgung stellen. Soweit eine Bereitstellung von Daten f\u00fcr einen Vertragsabschluss erforderlich ist oder der Nutzer dazu verpflichtet ist, personenbezogene Daten bereitzustellen, teilen wir diesen Umstand und welche Folgen die Nichtbereitstellung h\u00e4tte in dieser Datenschutzerkl\u00e4rung mit.<\/p><p>Daten\u00fcbermittlung an Drittl\u00e4nder<\/p><p>Es ist m\u00f6glich, dass wir Dienstleister und Drittanbieter einsetzen, die in L\u00e4ndern au\u00dferhalb der Europ\u00e4ischen Union und des Europ\u00e4ischen Wirtschaftsraums ans\u00e4ssig sind. Die \u00dcbermittlung personenbezogener Daten in solche Drittl\u00e4nder erfolgt auf der Grundlage eines Angemessenheitsbeschlusses der Europ\u00e4ischen Kommission (Art. 45 DSGVO) oder wir haben geeignete Garantien vorgesehen, um den Datenschutz sicherzustellen (Art. 46 DSGVO). Soweit ein Angemessenheitsbeschluss der Europ\u00e4ischen Kommission f\u00fcr die Daten\u00fcbermittlung in ein Drittland vorhanden ist, weisen wir in dieser Datenschutzerkl\u00e4rung darauf hin. Im \u00dcbrigen gilt, dass Nutzer eine Kopie der geeigneten Garantien, soweit diese nicht bereits in den Datenschutzerkl\u00e4rungen der Dienstleister oder Drittanbieter enthalten ist, \u00fcber uns beziehen k\u00f6nnen.<\/p><p>Automatisierte Entscheidungsfindung<\/p><p>Sollten wir eine automatisierte Entscheidungsfindung einschlie\u00dflich Profiling vornehmen, informieren wir in dieser Datenschutzerkl\u00e4rung \u00fcber diesen Umstand, \u00fcber die involvierte Logik sowie die Tragweite und die angestrebten Auswirkungen einer derartigen Verarbeitung. Im \u00dcbrigen findet eine automatisierte Entscheidungsfindung nicht statt.<\/p><p>Verarbeitung zu anderen Zwecken<\/p><p>Daten werden grunds\u00e4tzlich nur zu den Zwecken verarbeitet, f\u00fcr die sie erhoben wurden. Sollen sie ausnahmsweise zu anderen Zwecken weiterverarbeitet werden, informieren wir vor dieser Weiterverarbeitung \u00fcber diese anderen Zwecke und stellen alle anderen ma\u00dfgeblichen Informationen zur Verf\u00fcgung (Art. 13 Abs. 3 DSGVO).<\/p><p>Webseitenhosting<br \/>Bei jedem Aufruf unserer Webseite \u00fcbertr\u00e4gt der Browser des Nutzers verschiedene Daten. F\u00fcr die Dauer des Besuchs der Webseite werden die folgenden Daten verarbeitet:<\/p><p>Browsertyp und verwendete -version<br \/>Betriebssystem<br \/>Abgerufene Seiten und Dateien<br \/>\u00dcbertragene Datenmenge<br \/>Datum und Uhrzeit des Abrufs<br \/>Provider des Nutzers<br \/>IP-Adresse<br \/>Referrer URL<br \/>Die Verarbeitung dieser Daten ist erforderlich, um die Webseite an den Nutzer auszuliefern und f\u00fcr sein Endger\u00e4t zu optimieren. Wir speichern keine personenbezogenen Daten in Logfiles.Rechtsgrundlage f\u00fcr die Verarbeitung ist Art. 6 Abs. 1 UAbs. 1 Buchst. f) DSGVO. Unser berechtigtes Interesse besteht in der Bereitstellung der Webseite.<\/p><p><a href=\"https:\/\/automattic.com\/privacy\/\" target=\"_blank\" rel=\"noopener\">Datenschutzerkl\u00e4rung von WordPress.com<\/a><\/p><p>Cookies, Z\u00e4hlpixel und Mobile Identifier<br \/>Auf unserer Webseite setzen wir Technologien ein, um das genutzte Endger\u00e4t wiederzuerkennen. Es kann sich dabei um Cookies, Z\u00e4hlpixel und\/oder Mobile Identifier handeln.<\/p><p>Das Wiedererkennen eines Endger\u00e4ts kann grunds\u00e4tzlich zu unterschiedlichen Zwecken erfolgen. Es kann notwendig sein, um Funktionen unserer Webseite bereitzustellen, beispielsweise um einen Warenkorb zur Verf\u00fcgung zu stellen. Dar\u00fcber hinaus k\u00f6nnen die genannten Technologien dazu genutzt werden, um das Verhalten von Nutzern auf der Seite nachzuvollziehen, beispielsweise zu Werbezwecken. Welche Technologien wir im Einzelnen nutzen und zu welchen Zwecken, beschreiben wir in dieser Datenschutzerkl\u00e4rung gesondert.<\/p><p>F\u00fcr ein besseres Verst\u00e4ndnis erl\u00e4utern wir nachfolgend allgemein, wie Cookies, Z\u00e4hlpixel und Mobile Identifier funktionieren:<\/p><p>Cookies sind kleine Textdateien, die bestimmte Informationen beinhalten und auf dem Endger\u00e4t des Nutzers gespeichert werden. Zumeist handelt es sich um eine Identifikationsnummer, die einem Endger\u00e4t zugewiesen wird (Cookie ID).<\/p><p>Bei einem Z\u00e4hlpixel handelt es sich um eine transparente Grafikdatei, die auf einer Seite eingebunden wird und eine Logdateianalyse erm\u00f6glicht.<\/p><p>Ein Mobile Identifier ist eine einzigartige Nummer (Mobile ID), die auf einem mobilen Endger\u00e4t gespeichert ist und durch eine Webseite ausgelesen werden kann.<\/p><p>Cookies k\u00f6nnen erforderlich sein, damit unsere Webseite ordnungsgem\u00e4\u00df funktioniert. Rechtsgrundlage f\u00fcr den Einsatz derartiger Cookies ist Art. 6 Abs. 1 UAbs. 1 Buchst. f) DSGVO. Unser berechtigtes Interesse besteht in der Bereitstellung der Funktionen unserer Webseite.<\/p><p>F\u00fcr den Betrieb unserer Webseite nicht erforderliche Cookies setzen wir ein, um unser Angebot nutzerfreundlicher zu machen oder die Nutzung unserer Webseite nachvollziehen zu k\u00f6nnen. Die Rechtsgrundlage richtet sich hier danach, ob die Einwilligung des Nutzers einzuholen ist oder wir uns auf ein berechtigtes Interesse berufen k\u00f6nnen. Eine erteilte Einwilligung kann der Nutzer unter anderem durch die Einstellungen in seinem Browser jederzeit widerrufen.<\/p><p>Der Nutzer kann der Verarbeitung von Daten mithilfe von Cookies durch entsprechende Einstellungen in seinem Browser verhindern und ihr widersprechen. Im Falle des Widerspruchs kann es sein, dass nicht alle Funktionen unserer Webseite zur Verf\u00fcgung stehen. \u00dcber weitere M\u00f6glichkeiten des Widerspruchs gegen die Verarbeitung personenbezogener Daten durch Cookies informieren wir in dieser Datenschutzerkl\u00e4rung gesondert. Gegebenenfalls stellen wir Links bereit, mit denen ein Widerspruch erkl\u00e4rt werden kann. Diese sind mit \u201eOpt-Out\u201c beschriftet.<\/p><p>Um Einwilligungen unserer Nutzer einzuholen und zu verwalten, nutzen wir Borlabs Cookie. Es handelt sich um ein Plugin f\u00fcr WordPress, das keine personenbezogenen Daten an einen Drittanbieter \u00fcbermittelt. \u00dcber den nachfolgenden Link k\u00f6nnen Einstellungen zur Speicherung von Cookies auf unserer Seite vorgenommen werden: Cookie-Einstellungen<\/p><p>Kontaktaufnahme<br \/>Im Falle einer Kontaktaufnahme verarbeiten wir die Angaben des Nutzers, Datum und Uhrzeit zum Zwecke der Bearbeitung der Anfrage einschlie\u00dflich eventueller R\u00fcckfragen.<\/p><p>Rechtsgrundlage f\u00fcr die Datenverarbeitung ist Art. 6 Abs. 1 UAbs. 1 Buchst. f) DSGVO. Unser berechtigtes Interesse besteht in der Beantwortung der Anfragen unserer Nutzer. Zus\u00e4tzliche Rechtsgrundlage ist Art. 6 Abs. 1 UAbs. 1 Buchst. b) DSGVO, wenn die Verarbeitung f\u00fcr die Erf\u00fcllung eines Vertrags oder zur Durchf\u00fchrung vorvertraglicher Ma\u00dfnahmen erforderlich ist.<\/p><p>Die Daten werden gel\u00f6scht, sobald die Anfrage einschlie\u00dflich etwaiger R\u00fcckfragen beantwortet ist. Wir \u00fcberpr\u00fcfen in regelm\u00e4\u00dfigen Abst\u00e4nden, mindestens aber alle zwei Jahre, ob im Zusammenhang mit Kontaktaufnahmen angefallene Daten zu l\u00f6schen sind.<\/p><p>Newsletter<br \/>Nutzer haben die M\u00f6glichkeit, sich auf unserer Seite f\u00fcr Newsletter anzumelden. Dabei verarbeiten wir die bei der Anmeldung eingegebenen Daten, um eine Best\u00e4tigungsmail an die E-Mail-Adresse des Nutzers senden zu k\u00f6nnen. Nach der Best\u00e4tigung verarbeiten wir die Daten, um Newsletter versenden zu k\u00f6nnen. Zum Zwecke der Personalisierung verarbeiten wir gegebenenfalls auch den Namen des Nutzers, sofern der Nutzer diesen angegeben hat.<\/p><p>Mit der Anmeldung werden Datum und Uhrzeit sowie die IP-Adresse des Nutzers gespeichert, um eine Eintragung nachweisen zu k\u00f6nnen. Diese Daten verarbeiten wir nach Abmeldung zu Nachweiszwecken weiter und l\u00f6schen sie nach Ablauf von drei Jahren zum Schluss des Jahres.<\/p><p>Rechtsgrundlage f\u00fcr die Verarbeitung ist die Einwilligung des Nutzers nach Art. 6 Abs. 1 UAbs. 1 Buchst. a) DSGVO. Im \u00dcbrigen erfolgt die Verarbeitung nach Art. 6 Abs. 1 UAbs. 1 Buchst. f) DSGVO. Berechtigte Interessen unsererseits sind der Versand von Newslettern, die personalisierte Ansprache des Nutzers und der Nachweis, dass sich der Nutzer f\u00fcr den Newsletter angemeldet hat.<\/p><p>Mailchimp<\/p><p>F\u00fcr den Versand von Newslettern nutzen wir Mailchimp. Anbieter: The Rocket Science Group LLC, 675 Ponce de Leon Ave NE, Suite 5000, Atlanta, GA 30308 USA.<\/p><p><a href=\"https:\/\/mailchimp.com\/legal\/privacy\/\" target=\"_blank\" rel=\"noopener\">Datenschutzerkl\u00e4rung von MailChimp<\/a><\/p><p>Kommentare<br \/>Auf unserer Webseite geben wir Nutzern die M\u00f6glichkeit, eigene Kommentare zu hinterlassen. Wenn ein Kommentar an uns \u00fcbermittelt wird, verarbeiten wir die Angaben des Nutzers. Zum Schutz vor einem Missbrauch der Kommentarfunktion (z.B. durch Spam oder strafbare Inhalte) verarbeiten wir zus\u00e4tzlich Datum, Uhrzeit und die IP-Adresse des Nutzers.<\/p><p>Rechtsgrundlage f\u00fcr die Verarbeitung ist Art. 6 Abs. 1 UAbs. 1 Buchst. f) DSGVO. Unser berechtigtes Interesse besteht darin, die Kommentarfunktion anbieten zu k\u00f6nnen und uns vor einem Missbrauch zu sch\u00fctzen.<\/p><p>Weitere Drittdienste<br \/>Google Analytics<\/p><p>Zu Analyse der Nutzung unserer Webseite setzen wir Google Analytics ein. Anbieter: Google Ireland Ltd., Google Building Gordon House, 4 Barrow St, Dublin, D04 E5W5, Irland.<\/p><p>Um Aktivit\u00e4ten des Nutzers auf der Webseite nachverfolgen zu k\u00f6nnen, wird ein Cookie auf dem Endger\u00e4t gesetzt. Wir nutzen Google Analytics mit der Erweiterung anonymize IP. Die IP-Adresse des Nutzers wird automatisch gek\u00fcrzt, bevor sie an Server in den USA \u00fcbertragen wird. Ausgewertet werden unter anderem der ungef\u00e4hre geografische Standort, Endger\u00e4t, Bildschirmaufl\u00f6sung, Browser sowie besuchte Seiten einschlie\u00dflich der Verweildauer.<\/p><p>Soweit wir eine Einwilligung des Nutzers einholen, erfolgt die Verarbeitung von Daten auf der Rechtsgrundlage des Art. 6 Abs. 1 UAbs. 1 Buchst. a) DSGVO. Im \u00dcbrigen beruht sie auf Art. 6 Abs. 1 UAbs. 1 Buchst. f) DSGVO. Unser berechtigtes Interesse besteht in der Optimierung unserer Webseite, der Verbesserung unserer Angebote und dem Online-Marketing.<\/p><p>Die durch Google Analytics gesammelten Daten werden nach Ablauf von 14 Monaten automatisch gel\u00f6scht.<\/p><p><a href=\"https:\/\/tools.google.com\/dlpage\/gaoptout?hl=de\" target=\"_blank\" rel=\"noopener\">Opt-Out<\/a><\/p><p><a href=\"https:\/\/policies.google.com\/privacy?hl=de\" target=\"_blank\" rel=\"noopener\">Datenschutzerkl\u00e4rung von Google Analytics<\/a><\/p><p>Hotjar<\/p><p>Zur statistischen Analyse der Nutzung unserer Webseite und zur Verbesserung der Inhalte setzen wir den Dienst Hotjar ein. Anbieter: Hotjar Limited, Level 2, St Julian\u2019s Business Centre, 3, Elia Zammit Street, St Julian\u2019s STJ 1000, Malta.<\/p><p>Hotjar erm\u00f6glicht es, die Nutzung einer Webseite statistisch auszuwerten. Dabei wertet das Unternehmen die Mausbewegungen, Scrollbewegungen und Tastenanschl\u00e4ge des Nutzers aus, dar\u00fcber hinaus die angesehenen Seiten und die Dauer des Besuchs. Hotjar nutzt Cookies und andere Technologien, um Daten \u00fcber das Verhalten unserer Nutzer und die genutzten Endger\u00e4te zu sammeln. Dies beinhaltet die IP-Adresse, die nur anonymisiert gespeichert wird. Dar\u00fcber hinaus werden die Gr\u00f6\u00dfe des Displays, der Ger\u00e4tetyp, Browserinfomationen, Standortinformationen in Bezug auf das Land und die bevorzugte Sprache verarbeitet. Hotjar speichert diese Informationen in einem pseudonymisierten Profil.<\/p><p>Soweit wir eine Einwilligung des Nutzers einholen, erfolgt die Verarbeitung von Daten auf der Rechtsgrundlage des Art. 6 Abs. 1 UAbs. 1 Buchst. a) DSGVO. Im \u00dcbrigen beruht sie auf Art. 6 Abs. 1 UAbs. 1 Buchst. f) DSGVO. Unser berechtigtes Interesse besteht darin, unsere Webseite und Inhalte nutzerfreundlich zu gestalten und zu verbessern.<\/p><p><a href=\"https:\/\/www.hotjar.com\/privacy\/do-not-track\/\" target=\"_blank\" rel=\"noopener\">Opt-Out<\/a><\/p><p><a href=\"https:\/\/www.hotjar.com\/legal\/policies\/privacy\/\" target=\"_blank\" rel=\"noopener\">Datenschutzerkl\u00e4rung von Hotjar<\/a><\/p><p>Google Tag Manager<\/p><p>Zur Verwaltung unserer Webseiten-Tags nutzen wir den Google Tag Manager. Anbieter: Google Ireland Ltd., Google Building Gordon House, 4 Barrow St, Dublin, D04 E5W5, Irland<\/p><p>Der Tag Manager ist eine cookielose Domain, der Tags verschiedener Anbieter ausl\u00f6st, die ihrerseits Daten erfassen. Auf diese Daten greift der Google Tag Manager nicht zu. Um Tags ausl\u00f6sen zu k\u00f6nnen, ist es technisch notwendig, die IP-Adresse des Nutzers an Google zu \u00fcbertragen.<\/p><p>Der Einsatz des Google Tag Managers erfolgt auf der Rechtsgrundlage des Art. 6 Abs. 1 UAbs. 1 Buchst. f) DSGVO. Unser berechtigtes Interesse besteht in der vereinfachten Verwaltung von uns eingesetzter Drittdienste.<\/p><p><a href=\"https:\/\/policies.google.com\/privacy?hl=de\" target=\"_blank\" rel=\"noopener\">Datenschutzerkl\u00e4rung von Google Tag Manager<\/a><\/p><p>Google reCAPTCHA<\/p><p>Zur Erh\u00f6hung der Sicherheit und Verf\u00fcgbarkeit unserer Webseite nutzen wir den Dienst reCAPTCHA. Anbieter: Google Ireland Ltd., Google Building Gordon House, 4 Barrow St, Dublin, D04 E5W5, Irland.<\/p><p>Mit Abfragen wollen wir sicherstellen, dass Aktionen auf unserer Seite nicht durch Bots ausgel\u00f6st werden. Daf\u00fcr ist es technisch notwendig, die IP-Adresse des Nutzers an Google zu \u00fcbertragen.<\/p><p>Rechtsgrundlage f\u00fcr die Verarbeitung ist Art. 6 Abs. 1 UAbs. 1 Buchst. f) DSGVO. Unser berechtigtes Interesse besteht in der Gew\u00e4hrleistung der Webseitensicherheit und der Schutz von Spam und Missbrauch.<\/p><p><a href=\"https:\/\/policies.google.com\/privacy?hl=de\" target=\"_blank\" rel=\"noopener\">Datenschutzerkl\u00e4rung von reCAPTCHA<\/a><\/p><p>Google Fonts<\/p><p>Auf unserer Webseite nutzen wir Google Fonts. Anbieter: Google Ireland Ltd., Google Building Gordon House, 4 Barrow St, Dublin, D04 E5W5, Irland.<\/p><p>Schriftarten werden vom Google-Server geladen. Um eine Verbindung zum Server aufzubauen, ist es technisch notwendig, die IP-Adresse des Nutzers zu \u00fcbertragen.<\/p><p>Rechtsgrundlage der Verarbeitung ist Art. 6 Abs. 1 UAbs. 1 Buchst. f) DSGVO. Unser berechtigtes Interesse besteht in der Verk\u00fcrzung von Ladezeiten und einer einheitlichen Darstellung auf unterschiedlichen Endger\u00e4ten.<\/p><p><a href=\"https:\/\/policies.google.com\/privacy?hl=de\" target=\"_blank\" rel=\"noopener\">Datenschutzerkl\u00e4rung von Google Fonts<\/a><\/p><p>Profile in sozialen Netzwerken<br \/>Wir sind in einem oder mehreren sozialen Netzwerken pr\u00e4sent. Im Einzelnen handelt es sich um: Facebook, Instagram oder Twitter. Bei einer Kontaktaufnahme verarbeiten wir personenbezogene Daten wie oben unter Kontaktaufnahme beschrieben.<\/p><p>Die Anbieter von sozialen Netzwerken verarbeiten Daten entsprechend ihrer Datenschutzbestimmungen, die hier aufgerufen werden k\u00f6nnen:<\/p><p><a href=\"https:\/\/facebook.com\/policy.php\" target=\"_blank\" rel=\"noopener\">Facebook<\/a><br \/><a href=\"https:\/\/de-de.facebook.com\/help\/instagram\/155833707900388\" target=\"_blank\" rel=\"noopener\">Instagram<\/a><br \/><a href=\"https:\/\/twitter.com\/de\/privacy\" target=\"_blank\" rel=\"noopener\">Twitter<\/a><\/p><p>Ist ein Nutzer mit seinem Account eingeloggt, k\u00f6nnen ihm die Aktivit\u00e4ten auf unserem Profil in dem jeweiligen sozialen Netzwerk gegebenenfalls zugeordnet werden. Dies kann ger\u00e4te\u00fcbergreifend und ggf. auch ohne Login erfolgen, beispielsweise unter Verwendung von Cookies oder Mobile Identifiern. Die Anbieter sozialer Netzwerke erstellen anhand der gesammelten Daten pseudonymisierte Nutzerprofile, mit denen sie insbesondere personalisierte Werbung ausspielen k\u00f6nnen.<\/p><p>Rechte betroffener Personen<br \/>Werden personenbezogene Daten des Nutzers verarbeitet, ist er betroffene Person im Sinne der DSGVO. Betroffenen Personen stehen die folgenden Rechte zu:<\/p><p>Recht auf Auskunft: Die betroffene Person hat das Recht, eine Best\u00e4tigung dar\u00fcber zu verlangen, ob sie betreffende personenbezogene Daten verarbeitet werden. Werden personenbezogene Daten verarbeitet, so hat die betroffene Person ein Recht auf unentgeltliche Auskunft sowie auf eine Kopie der personenbezogenen Daten, die Gegenstand der Verarbeitung sind.<\/p><p>Recht auf Berichtigung: Die betroffene Person hat das Recht, die unverz\u00fcgliche Berichtigung unrichtiger oder Vervollst\u00e4ndigung unvollst\u00e4ndiger personenbezogener Daten zu verlangen.<\/p><p>Recht auf L\u00f6schung: Die betroffene Person hat das Recht, nach Ma\u00dfgabe der gesetzlichen Bestimmungen eine unverz\u00fcgliche L\u00f6schung sie betreffender personenbezogener Daten zu verlangen.<\/p><p>Recht auf Einschr\u00e4nkung der Verarbeitung: Die betroffene Person hat das Recht, nach Ma\u00dfgabe der gesetzlichen Bestimmungen eine Einschr\u00e4nkung der Verarbeitung sie betreffender personenbezogener Daten zu verlangen.<\/p><p>Recht auf Daten\u00fcbertragbarkeit: Die betroffene Person hat das Recht, die sie betreffenden personenbezogenen Daten in einem strukturierten, g\u00e4ngigen und maschinenlesbaren Format zu erhalten oder eine \u00dcbermittlung an einen anderen Verantwortlichen zu verlangen.<\/p><p>Recht auf Widerspruch: Die betroffene Person hat das Recht, aus Gr\u00fcnden, die sich aus ihrer besonderen Situation ergeben, jederzeit gegen die Verarbeitung sie betreffender personenbezogener Daten, die aufgrund von Art. 6 Abs. 1 UAbs. 1 Buchst. e) oder f) DSGVO erfolgt, Widerspruch einzulegen; dies gilt auch f\u00fcr ein auf diese Bestimmungen gest\u00fctztes Profiling. Werden personenbezogene Daten verarbeitet, um Direktwerbung zu betreiben, so hat die betroffene Person das Recht, jederzeit Widerspruch gegen die Verarbeitung sie betreffender personenbezogener Daten zum Zwecke derartiger Werbung einzulegen; dies gilt auch f\u00fcr das Profiling, soweit es mit solcher Direktwerbung in Verbindung steht.<\/p><p>Recht auf Widerruf: Die betroffene Person hat das Recht, ihre erteilte Einwilligung jederzeit zu widerrufen.<\/p><p>Recht auf Beschwerde: Die betroffene Person hat das Recht, sich bei einer Aufsichtsbeh\u00f6rde zu beschweren.<\/p><p>Stand der Datenschutzerkl\u00e4rung: 20. Januar 2023<\/p>\t\t\t\t\t\t<\/div>\n\t\t\t\t<\/div>\n\t\t\t\t\t<\/div>\n\t\t\t\t<\/div>\n\t\t\t\t<\/div>\n\t\t","protected":false},"excerpt":{"rendered":"<p>Datenschutz VerantwortlicherVerantwortlich f\u00fcr die Datenverarbeitung ist sazinc GmbH Pierre Graupner Sch\u00f6nherrstra\u00dfe 8 09113 Chemnitz Datenschutzbeauftragter: Pierre Graupner E-Mail: contact@sazinc.deTel.: +49 371 450 58 910 Allgemeine InformationenBereitstellung von Daten F\u00fcr eine Nutzung unserer Webseite ist in der Regel weder gesetzlich noch vertraglich vorgeschrieben, personenbezogene Daten zur Verf\u00fcgung stellen. Soweit eine Bereitstellung von Daten f\u00fcr einen Vertragsabschluss [&hellip;]<\/p>\n","protected":false},"author":1,"featured_media":0,"parent":0,"menu_order":0,"comment_status":"closed","ping_status":"closed","template":"elementor_header_footer","meta":{"footnotes":""},"class_list":["post-538","page","type-page","status-publish","hentry"],"_links":{"self":[{"href":"https:\/\/www.widv.de\/index.php?rest_route=\/wp\/v2\/pages\/538","targetHints":{"allow":["GET"]}}],"collection":[{"href":"https:\/\/www.widv.de\/index.php?rest_route=\/wp\/v2\/pages"}],"about":[{"href":"https:\/\/www.widv.de\/index.php?rest_route=\/wp\/v2\/types\/page"}],"author":[{"embeddable":true,"href":"https:\/\/www.widv.de\/index.php?rest_route=\/wp\/v2\/users\/1"}],"replies":[{"embeddable":true,"href":"https:\/\/www.widv.de\/index.php?rest_route=%2Fwp%2Fv2%2Fcomments&post=538"}],"version-history":[{"count":8,"href":"https:\/\/www.widv.de\/index.php?rest_route=\/wp\/v2\/pages\/538\/revisions"}],"predecessor-version":[{"id":553,"href":"https:\/\/www.widv.de\/index.php?rest_route=\/wp\/v2\/pages\/538\/revisions\/553"}],"wp:attachment":[{"href":"https:\/\/www.widv.de\/index.php?rest_route=%2Fwp%2Fv2%2Fmedia&parent=538"}],"curies":[{"name":"wp","href":"https:\/\/api.w.org\/{rel}","templated":true}]}}